
-87
What is the value of 349 + -237 + -17 + -55?
40
What is (-36 + 12 - (-1 - 5)) + 10 - -55?
47
Evaluate (0 + 0 + 0 - 8) + (524 - (618 + -92)).
-10
Calculate -5936 + 5953 + 3 + (-7 - (-4 - -1)) + -5.
11
What is -6 + 13 - 8 - -12 - 0 - (4 - -2)?
5
Calculate (-22 - 21 - 3 - -25) + 3.
-18
What is -6 + -8 + 14 - (3 + 11 + -14 - 77)?
77
Calculate (-39 - 2) + -43 + 71.
-13
What is the value of (-2 - (-2 - 11)) + (-2 - (85 - -5)) + 8?
-73
Evaluate (14 - (12 + 1 + 49)) + (-1 - 0).
-49
Evaluate -29 - ((6 - 21) + -21 + 47).
-40
-11 + (16 + -12 - (-2 + -5) - 17 - -11)
-6
Calculate 45 + -70 + (-1 - (-4 + 7)).
-29
Evaluate -20 + -14 + 5 + 48 - 11.
8
(-1 - 4) + -84 + 83 + 1 + (4 - 5)
-6
What is (50 - 41 - 11) + 3?
1
Evaluate (-1 - -15) + (-142 - -50) + 64.
-14
Evaluate (80 + 25 + -35 - 23) + -26.
21
-22 - (-39 + 15 - (2 + -6 - 7))
-9
What is -24 - -3 - (67 + -74) - (10 + -12)?
-12
Evaluate -43 + -31 + 40 - -20.
-14
What is 121 + -19 - (16 - (28 + -5 + -27))?
82
What is the value of -2 + 30 - (203 - 195)?
20
Evaluate -12 + (-32 - -21) + 42.
19
Evaluate 6742 + -6699 + 1 + 1 + (0 - -1 - -1).
47
What is -46 + 80 - (11 + (2 - (4 + -3)))?
22
Evaluate (5 + -4 - -3) + 2 + -24 + -5.
-23
Evaluate -35 + (80 - (-6 - 26)) + 12.
89
Calculate -140 - (-35 + -91 - -52).
-66
What is 55 + (-106 - 26) + 61?
-16
-108 - -85 - -100 - 157
-80
22 + -110 + 88 + -2 + -68
-70
Calculate (72 - 58) + (33 - 5).
42
What is -15 + ((2 + 12 - 13) + 3 - 0)?
-11
What is the value of 16 - (-104 + 53) - 30?
37
What is 20 + (-4 - (-17 - -23)) + 14?
24
-5 - (-40 - ((-31 - -10) + 55))
69
Calculate 152 - (94 - (-118 - -81)).
21
-16 + 0 + (0 - 2) + -272 + 261
-29
Calculate 36 + 116 + -110 + -2 + -21.
19
What is the value of 957 + -870 + (0 - 55)?
32
187 - 44 - (-25 - -81)
87
-24 - (48 + -50 - ((-6 - 13) + 6))
-35
What is (16 - 17 - 21) + 45 - -38?
61
-8 - (-64 - (37 - 25 - 47))
21
What is 22 + -19 + (16 - (-4 + 7)) - -9?
25
Calculate 3 - -10 - (-23 - (-8 - (-9 - -1))).
36
-30 + -25 + (13 - -19) + -25
-48
2 - (0 - (1 + -58)) - (2451 + -2426)
-80
Evaluate -34 - (-58 + 79 + -10 + -2).
-43
(43 + -52 - 4 - -22) + 3 + 70
82
Calculate (-35 - -13) + 8 - -56.
42
What is the value of -24 + (375 - 372) + 163 + -7?
135
Evaluate (-20 - (-29 + -6 + -17)) + -105.
-73
What is (11 - 24) + 107 - 67?
27
2 + (-9 - (-3 + 5)) + 2 + -2102 + 2122
13
-39 - (32 + 1) - -200
128
What is 18 + 0 + (21 + (16 - 5) - 33)?
17
Calculate 10 + (32 + -31 - 0).
11
Calculate 38 + (26 - -22 - 27) - (3 + 9).
47
What is -16 + 17 + -127 + 73 + -38?
-91
What is the value of -56 + (134 - (-107 + 195))?
-10
Calculate (-3 + -4 - -28) + 0 + 74 + 1 + 6.
102
What is 21 + -13 + -1 + 4 + 33 + -19?
25
What is the value of -2 - (-17 - (-7 + -110) - (4 - (0 + 2)))?
-100
What is (31 - 1) + (-251 - (-135 - 131))?
45
-1 + (-439 - -399) + (-9 - ((0 - 0) + 1))
-51
What is -24 - (-90 - 22) - 146?
-58
What is the value of 2 + -170 + -15456 + 15571?
-53
-8 + -19 + 41 + -54 - 28
-68
Evaluate -1 + 29 - (43 - (129 + -86)).
28
(20 - 129) + (-535 - -597)
-47
Evaluate -15 + 76 + -34 + -33.
-6
-5 + -21 + 3 + 295 + -282
-10
What is -13 + -37 + 55 + 35?
40
What is the value of (-54 - -8) + (3 - 20 - -3) + (-6 - -11)?
-55
What is (-44 - -62) + 6 + -23 - (16 - -1) - -82?
66
Evaluate -30 - (52 + -3 + -33 + -57).
11
What is the value of -257 + 259 + (1 - -8) - 32?
-21
Evaluate 4 - (-11 - (-50 + 40 - (0 - -6))).
-1
27 + 52 + (-18 - (-33 + 25))
69
(19 + 2 - (1 - (12 + -17))) + -1
14
Calculate (57 - (1 + 0)) + (-33705 - -33741).
92
Calculate 88 + -160 + (26 - 56).
-102
What is the value of (16 + -8 + -9 - 15) + 52 + -94?
-58
Calculate -2 + -54 + (241 - 232).
-47
What is -37 - (37 + (-57 - -29))?
-46
What is the value of (1 - -21 - 33) + 25 - (4 - 64)?
74
What is the value of 8 + (-12 - 3) + 14 + 1 + -12?
-4
(-7 + (-9 - 0) + 10 - -2) + -18
-22
What is the value of -111 - -133 - (2 - -17)?
3
Calculate 7 + 14 + 1 + -10 + -9.
3
What is the value of -61 + 3 - -19 - 5?
-44
What is 18 + -4 - (6 - 26)?
34
Evaluate -1546 + 1605 - (101 - -2).
-44
Calculate 0 + (0 + 0 - 0) + 65 + (24377 - 24386).
56
What is the value of 36 - (-40 + 22 - -50)?
4
Calculate -588 + 679 + (-53 - -3).
41
What is (-54 + 88 - (6 - 19)) + 14?
61
What is the value of (13 + -19 + -5 + -4 - -37) + 7?
29
What is 30 + (37 - 63) + -1?
3
Evaluate (-11 - (-8 + 23 + -20)) + -45.
-51
What is the value of 139 - (30 - -58 - -125)?
-74
What is the value of 2 + 33 + (-138 - (-8 + -95))?
0
What is the value of 19 + (17 + 7 - 43)?
0
What is -74 - 4 - (1443 - 1439)?
-82
71 + -144 - -59 - (1 - (18 + 2))
5
What is the value of 24 - (-3 + 41 - 24 - 1)?
11
(48 - (-25 - -15 - -31)) + 5 + 1 + -7
26
Evaluate 48 + 23 + -65 - (6 - 5 - 87).
92
What is the value of 54 - (-97 + 142 + -42 - (-1 + 12 + -1))?
61
What is the value of -1493 - -1387 - (-137 + -9)?
40
What is the value of 1 + (-1 - 0) - (-386 - -385) - (0 + 25)?
-24
What is the value of -9 + (0 - (12 + -7 + 8) - -18)?
-4
What is the value of -2 - (-2 - 7 - 96) - (-70 - -73)?
100
Calculate -3 - ((-30 - -25) + (-5 - (-24 + 5)) - 9).
-3
What is (-17 - -10 - 12 - -8) + 13 + -22?
-20
4 + 8 - (-8 - (12 - 27) - -46)
-41
Calculate -75 + 163 + -32 + -16.
40
What is 52 + ((-2 - (4 + 7)) + 1 - -8)?
48
(28 - (-2 + 7)) + (-1464 - -1314)
-127
What is -16 - (63 + 23 + -72)?
-30
-37 + 32 + -61 + 19
-47
What is the value of (32 - 3 - 13) + -14 - (3 - 71)?
70
What is the value of -9 + 15 + -1 + -17?
-12
Evaluate (-4 - -2) + 20 + (-11 - (-52 + 46)).
13
What is 10 - (91 - -22 - 133 - (123 + 1))?
154
What is the value of -45 + (-6 - -163) + (-15 - -10)?
107
-7 + (58 - 39) + -41
-29
What is the value of -1 - 42 - (-6 - 22 - (-36 + 22))?
-29
What is 10 + (-12 + -31 + 42 - 4)?
5
Evaluate -8 - (120 + 35) - (15 - 55).
-123
Calculate -2 + (-5 - 9) + 13 + 3 - 10.
-10
-1 + -61 - (34 - 38 - (0 - 1))
-59
Calculate 5 + -7 + 14 + (-4 - -10) + -47.
-29
Evaluate (85 - (192 - 54)) + 9.
-44
What is -4 + 1 - ((47 - 19) + -30 - -4)?
-5
-24 - (-68 + (29 - -32))
-17
-4007 + 4026 + (-2 - 5) + -2
10
Evaluate 31 + 24 - (-20 + (11 - -20)).
44
What is -64 - (-100 - (-102 + 52))?
-14
What is the value of -8 + (1 - 2 - 5 - (30 + -90 - 3))?
49
(-92 - -26) + 48 + 35
17
(5 - 8 - (-16 + 16)) + -4 + -6 + -35
-48
-16 - (31 + -24 + -22)
-1
Evaluate -80 + (-4 - -23) + -89 - (1 - 13).
-138
What is -17 + 95 - ((1 + -4 - -9) + -1 + 4)?
69
What is the value of (-1 - -11) + -14 + -6 - (19 - 9 - -9)?
-29
What is -33 + 13 - (274 + -280)?
-14
Calculate 2 - (17 - (-21 - (-5 + 20))).
-51
Evaluate 12 + 19 + -36 + 11 + (25 - -4).
35
What is 10 + 48 + -80 - -24?
2
Calculate -94 - (-81 + (56 - 45)).
-24
What is -14 - (-137 - -70) - (2 + -2)?
53
What is -14 + (-27 + -10 + 19 - -24) + -14 + -1?
-23
What is the value of (10 - (11 + -9)) + 6 - -9?
23
Calculate 52 - 18 - 44 - -22.
12
Evaluate 0 - -4 - (1 + -12) - (26 - 15).
4
What is the value of -1 + (-7 + 3 - 3) + 29?
21
19 + -3 + 6 + (229 - 316)
-65
What is the value of (-48 - (-123 + -27)) + 35 + -33?
104
Evaluate -99 + (127 - 78) + 85.
35
What is the value of 14 + (4 - -13 - 4 - 29) - (1 - 19)?
16
What is (24 - (67 - 10)) + 21 + 0?
-12
-13 + (-42 + 43 - (4 - 4 - -3))
-15
-18 - 61 - -27 - -19
-33
Calculate -8 - (-10 + 21 + -22 + -59 + -2).
64
-2 - 12 - (21 + (0 - 13 - 37))
15
What is -3 + ((-3 + 36 - 30) + -6 + 2 - -68)?
64
What is (-55 - 7) + 43 + -48 + (7 - 22)?
-82
What is the value of (11 - -12) + (13 + -23 + 20 - 8)?
25
-10 + -8 - (-13 + 12 + -14)
-3
What is the value of (12 - 6) + 12 + (8 - (10 + (-10 - -18)))?
8
What is the value of 0 + 4 + -15 - (2 + -84) - 6?
65
Evaluate 13 + -69 + (63 - 52).
-45
Evaluate 24 + 16 + -31 + -28 + -28.
-47
What is (6 - 16) + 4 - -13 - 12?
-5
(-83 + 27 - (8 - 1)) + (-6 - 2) + 14
-57
What is 132 + -172 - (-8 + -87)?
55
-7 + -12 + 81 + -4 + -31 + 23
50
Evaluate 1 - (-183 + 158 + 0 + 4 + -6).
28
Calculate 2 - -61 - (150 - 160) - (1 - 13).
85
What is (85 + -47 - 18) + -25 + 3?
-2
Evaluate -32 - (24 + (-55 - (39 - 49))).
-11
What is the value of 73 + 0 + 15 + (-12 - 1 - 8)?
67
What is -44 - -19 - (7 + -29) - 28?
-31
Calculate 24 - 21 - (-12 - (-3 - 6)) - 7.
-1
What is 5 + (35 - -12) + 3 - (32 + -30)?
53
(-4 - 8) + 0 + (-305 - -327)
10
What is (0 - (-3 - 4 - -3)) + (-20425 - -20520)?
99
Calculate 504 + -470 + -93 + 11.
-48
What is the value of -6 + -212 + 263 + (16 